*3 + 2*n**2 + n - 3. What is the units digit of j(-2)?
7
Suppose -9*z = -14*z + 125. What is the tens digit of z?
2
Let t = -22 + 5. Let o = t - -7. What is the units digit of o*((-12)/(-15))/(-2)?
4
What is the tens digit of (-10)/(-25) + 163/5 + 1?
3
Let b = 23 - 12. What is the units digit of b?
1
Let p = -3 + 37. Let j = p - 24. What is the units digit of j?
0
Suppose 5*o - 10 = -5*x, -o - 7 = -2*o - 2*x. Let b = o - -2. What is the units digit of 1 + -1 + b + 10?
9
Suppose 0 = -4*a + 8. What is the units digit of a?
2
Let u be ((-8)/5)/((-8)/20). Let n = u - 2. Suppose -t - n*t = -21. What is the units digit of t?
7
Let r be (1*(-27)/(-3))/1. Let o = 47 - r. What is the tens digit of o?
3
Let p(i) = -11*i - 7*i + 5 - 7 - 19*i. What is the tens digit of p(-1)?
3
Let y(q) = q - 4. Let d be y(4). Suppose 4*b = -2*j + 26, d = -4*j + 3*b - 6*b + 57. What is the units digit of j?
5
Suppose b - 6 = -2*b. Suppose -5*z - b*i = -4 - 17, -3*i + 24 = 5*z. What is the units digit of z?
3
Let w(y) = 2*y**2 + 1. What is the tens digit of w(6)?
7
Suppose -4*n - 14*t = -11*t - 1115, 0 = 5*t - 5. What is the hundreds digit of n?
2
Let a(y) = -y**2 - 8*y - 2. Suppose 3*o = 4 + 2, o = -5*x - 33. Let f be a(x). Suppose f*d - 58 = -13. What is the units digit of d?
9
Let o = -5 - -10. Suppose 87 = o*r + 12. What is the units digit of r?
5
Let k(j) = j**3 - j**2. Let m(q) = -6*q**2 - 3*q**2 + 4*q + 5*q**3 + 2*q. Let p(f) = -4*k(f) + m(f). What is the units digit of p(4)?
8
Let p = -1 - 4. Let s be 4/p*(-15)/6. Suppose 0 = -s*h - 11 + 41. What is the tens digit of h?
1
Let c be (2 - (-6)/(-4))*0. Suppose 2*w - o + 1 = c, 3*w + 2*o + 8 = -3*o. Let v = 2 + w. What is the units digit of v?
1
What is the units digit of (3/(-12))/(1/(-116))?
9
Let q(f) = 10*f - 1. Suppose 0 = -3*j + 5*g - 9, 4*j - g + 5*g - 20 = 0. What is the units digit of q(j)?
9
Let t(a) = -a. Suppose -1 - 1 = 2*c. What is the units digit of t(c)?
1
What is the units digit of 1 + 7 + -4 - -55?
9
Let k(q) = -52*q + 1. Let s be k(-1). Suppose s + 4 = t + 5*c, c - 189 = -5*t. What is the tens digit of t?
3
Let r = -132 + 234. What is the tens digit of r?
0
Suppose -j + 0*j + 2 = 0. Let m(g) = -2*g - j + 4 - 2*g + 2*g. What is the units digit of m(-5)?
2
Let l(p) = -3*p + 15. What is the units digit of l(-5)?
0
Let s(v) be the first derivative of -v**2/2 + 11*v + 1. Let k be s(10). What is the units digit of 1/(-2)*(-12)/k?
6
Suppose 2*t + 3*t = 35. Suppose 2*c + t = 3. What is the units digit of (3/c)/(9/(-90))?
5
Let p(v) = -10*v - 2. Let b be p(2). Suppose -19 = 2*k + 2*f + 1, 2*k = 5*f - 41. Let x = k - b. What is the units digit of x?
9
Let s = -42 + 67. What is the tens digit of s?
2
Let r = 7 - -3. Let j = 37 - r. Suppose 2*n + n = j. What is the units digit of n?
9
Let o(a) = a + 1. Let s(f) = -11*f - 4. Let j(g) = -6*o(g) - s(g). What is the units digit of j(2)?
8
Let v(k) be the first derivative of k**2/2 - 7*k - 2. What is the units digit of v(9)?
2
Let z(v) = 7*v**3 - v**2 + 1. Let f be z(-1). Let a = 20 + f. Let b = -8 + a. What is the units digit of b?
5
Let q(d) = -d + 14. Suppose -w - 3*w = 4, 4*v = -4*w + 36. What is the units digit of q(v)?
4
What is the tens digit of ((-784)/12)/((-3 - 0)/9)?
9
Let l be -3 - 78/3*-3. Suppose 36 + l = 3*z. What is the tens digit of z?
3
Suppose o + 65 = -10. Let k = 108 + o. What is the tens digit of k?
3
Let y be (-11)/(-4) - (-1)/4. Suppose 0 = o + y*o - 44. What is the units digit of o?
1
Let c = 1 + 0. What is the units digit of (-2)/(2/(-9)*c)?
9
Suppose -15 = l + 5*p - 2, -4*l - 3*p = -16. What is the units digit of l?
7
What is the tens digit of -2*18/(-16)*8?
1
Suppose 0*o - 35 = 5*o. Let r = o - -11. What is the units digit of r?
4
Suppose -c - 4 = -3*c. Let l(k) = -3 + k**3 - 2*k**2 + c*k + 8 - 3. What is the units digit of l(2)?
6
Suppose 3*t - 38 = 4*p + t, -4*t + 13 = p. Let c = p - -19. Suppose -i - c = -4*i. What is the units digit of i?
4
Let a = 8 - 11. Let u = a + 5. What is the units digit of u?
2
Let m be (-1)/(-2)*(-2 - -2). Suppose -3*b + g + 2*g = -3, m = -b + 5*g - 3. What is the units digit of (-1 - (-1 + b)) + 7?
5
Suppose 4*m - 7*m = x - 11, 0 = -4*x - 4*m + 52. What is the units digit of x?
4
Let s(v) = -2*v**3 - 4*v + 18*v**2 + 4 + 11*v**2 - 36*v**2. What is the tens digit of s(-4)?
3
Let w(r) = -4*r + 1. Let t be w(-1). Suppose t*g + 2*k - 58 = 0, g - 6 = -k + 5. Suppose 4*n = -0 + g. What is the units digit of n?
3
Let l(k) = k**2 + k + 1. Let w be l(0). What is the tens digit of (-150)/(-12) + w/2?
1
Let j(h) = -26*h**2 + 4*h - 3. Let d(c) = 9*c**2 - c + 1. Let t(y) = 7*d(y) + 2*j(y). What is the units digit of t(-1)?
1
Suppose 0 = 2*r - 6*r + 44. Let t = r - 6. Suppose -t*b = -j - 2*j - 30, 4*b + j = 24. What is the units digit of b?
6
Let g be -4*(30/(-8))/3. Let f be (16 - 26)/((-2)/11). Suppose g*r - 3*v = 41, 3*r = -r - 5*v + f. What is the tens digit of r?
1
Suppose -4*b - 2*j + 4*j = -16, -4*b + 4*j + 20 = 0. Suppose -b*c + 10 = 4. What is the units digit of c?
2
Suppose 3*s = 2*s. Suppose s*b - 2*b = 0. Suppose -2*r + 21 - 7 = b. What is the units digit of r?
7
What is the units digit of 2/(-6) - (-238)/21?
1
Let j = -4 - -2. What is the units digit of j/(-6) - (-28)/6?
5
Suppose s + 219 = 3*i - 509, 0 = 4*i - 5*s - 989. What is the hundreds digit of i?
2
Let n(m) = -m**3 + 4*m**2 + 3*m + 2. Let z be n(5). Let p be (-1)/(-4) + 106/z. Let l = p - -24. What is the tens digit of l?
1
Suppose -6*h + h + 2*p + 41 = 0, -3*h - 2*p + 15 = 0. Let m = h + 1. Suppose f - 3*x - 12 = 7, 4*x = -3*f - m. What is the units digit of f?
4
Suppose 4*j = 2*v + 850, -4*v = -2*j - 0*j + 440. What is the tens digit of j?
1
Let q = -49 - -58. What is the units digit of q?
9
Let i = -58 + 162. What is the hundreds digit of i?
1
Suppose -4*z - z = -25. Let x(a) = -a**2 + 9*a - 1. Let f(p) = -p**2 + 10*p - 1. Let g(c) = z*x(c) - 4*f(c). What is the units digit of g(4)?
3
Let w = 32 + -2. What is the tens digit of w?
3
Let t = -31 + 72. What is the tens digit of t?
4
Suppose 0 = -0*z + z - 1. Let d be ((-4)/6)/(z/(-30)). Suppose 3*j + 0*j - 4*q = 26, d = -4*q. What is the units digit of j?
2
Suppose 4*q = -0 + 4. Let s(x) = x**3 + 2*x**2 - 2*x + 1. Let i be s(q). Suppose 2*d = -w + 13, -w + 7 = 2*d - i*w. What is the units digit of d?
5
Let t(j) = 139*j + 5. What is the tens digit of t(3)?
2
Let m be 3/(-1)*(-3)/9. Suppose -m = -2*n + 25. What is the units digit of n?
3
Suppose -3*k + 155 = 2*o, -3*o - 220 = -4*k + o. What is the tens digit of k?
5
Suppose 10*l - 6*l - 16 = 0. Suppose -q + 9 = -l. What is the tens digit of q?
1
Let y = 82 + -49. What is the tens digit of y?
3
Suppose -8*k + 459 = -5*k - j, -5*j - 755 = -5*k. What is the hundreds digit of k?
1
Let a = 125 - 69. What is the units digit of a?
6
Suppose 3*g - 43 - 2 = 0. What is the tens digit of g?
1
Let p be (8/((-3)/3))/(-1). Suppose p*n = 3*n + 65. What is the tens digit of n?
1
Suppose -2*h + 63 = -5*c, -3*h + 6 + 57 = 3*c. What is the tens digit of h?
2
Let f be 0 - (3 + (-6)/(-3)). What is the tens digit of 6*2/((-4)/f)?
1
Let i = 8 + -6. Let t = 6 - i. What is the units digit of t?
4
Let w = -170 + 330. What is the tens digit of w?
6
Suppose j - 4*w + 32 = 5*j, 5*j + 3*w - 30 = 0. Let u(f) = f**3 - f - 4. What is the tens digit of u(j)?
2
What is the units digit of (-4)/(-14) + (4336/14 - 2)?
8
Suppose -2*b - 4 + 182 = 0. What is the units digit of b?
9
Let g(l) = -2*l - 4. Let k be g(3). Let s(m) = m**3 + 12*m**2 - 12*m - 3. Let b be s(-13). Let z = k - b. What is the units digit of z?
6
Let u(g) = -g**3 - 4*g**2 + 5*g + 3. Let n be u(-5). What is the tens digit of 2/3 - (-37)/n?
1
Let r(x) = x**2 - 7*x. Let z be r(7). What is the units digit of z + (-1 + 2)*8?
8
Let j = -9 - -11. Let q(l) be the first derivative of 2*l**3/3 - l**2/2 - 2*l + 1. What is the units digit of q(j)?
4
Let x(d) = 15*d**2 + 2*d + 1. Let v(p) = -45*p**2 - 7*p - 3. Let j(o) = 2*v(o) + 7*x(o). Let m be (-4)/18 - 14/18. What is the units digit of j(m)?
6
Let x = 0 + 3. Suppose -4*j = -x*j - 3. What is the units digit of j?
3
Let z(q) = q + 1 + 2*q - 5*q + 2*q**2 - q**2. Let v be z(3). Suppose -20 = -v*f + 4. What is the units digit of f?
6
What is the units digit of 9/(-6)*(-15 - -5)?
5
Le